{"id":1570,"date":"2023-05-11T06:19:15","date_gmt":"2023-05-11T06:19:15","guid":{"rendered":"https:\/\/blancospileso.com\/?page_id=1570"},"modified":"2023-06-14T05:38:04","modified_gmt":"2023-06-14T05:38:04","slug":"aviso-de-privacidad","status":"publish","type":"page","link":"https:\/\/blancospileso.com\/?page_id=1570","title":{"rendered":"Aviso de Privacidad"},"content":{"rendered":"<p>[et_pb_section fb_built=\u00bb1&#8243; fullwidth=\u00bbon\u00bb _builder_version=\u00bb4.21.0&#8243; _module_preset=\u00bbdefault\u00bb background_image=\u00bbhttps:\/\/blancospileso.com\/wp-content\/uploads\/2023\/05\/living-room-2155376_1920.jpg\u00bb global_colors_info=\u00bb{}\u00bb][et_pb_fullwidth_header title=\u00bbAviso de Privacidad\u00bb _builder_version=\u00bb4.21.0&#8243; _module_preset=\u00bbdefault\u00bb title_font=\u00bb|800|||||||\u00bb title_text_color=\u00bb#160E9F\u00bb title_font_size=\u00bb35px\u00bb background_color=\u00bbrgba(255,255,255,0.9)\u00bb custom_padding=\u00bb8vw||8vw||true|false\u00bb global_colors_info=\u00bb{}\u00bb][\/et_pb_fullwidth_header][\/et_pb_section][et_pb_section fb_built=\u00bb1&#8243; _builder_version=\u00bb4.21.0&#8243; _module_preset=\u00bbdefault\u00bb global_colors_info=\u00bb{}\u00bb][et_pb_row _builder_version=\u00bb4.21.0&#8243; _module_preset=\u00bbdefault\u00bb global_colors_info=\u00bb{}\u00bb][et_pb_column type=\u00bb4_4&#8243; _builder_version=\u00bb4.21.0&#8243; _module_preset=\u00bbdefault\u00bb global_colors_info=\u00bb{}\u00bb][et_pb_text _builder_version=\u00bb4.21.0&#8243; _module_preset=\u00bbdefault\u00bb text_font_size=\u00bb15px\u00bb text_orientation=\u00bbjustified\u00bb hover_enabled=\u00bb0&#8243; global_colors_info=\u00bb{}\u00bb header_font=\u00bb||||||||\u00bb sticky_enabled=\u00bb0&#8243;]<\/p>\n<p>Para\u00a0<strong>BLANCOS PILESO S.A. de C.V. <\/strong>su privacidad es muy importante es por eso que, ponemos el presente Aviso de Privacidad para que conozca el tratamiento interno que haremos de su informaci\u00f3n personal la cual, se realizar\u00e1 estrictamente en lo establecido en el presente documento.<\/p>\n<p><strong>BLANCOS PILESO S.A. de C.V., <\/strong>a quien para efectos del presente Aviso de Privacidad se le identificar\u00e1 como\u00a0<strong>BLANCOS PILESO<\/strong>\u00a0quien cuenta con domicilio en Blvd. Hidalgo No. 7038 Col. Los Castillos 1\u00aa. Secci\u00f2n, C.P. 37209 Le\u00f2n, Gto., es el\u00a0<strong>RESPONSABLE\u00a0<\/strong>del tratamiento interno de sus datos personales por lo que, con sustento en lo dispuesto en la Ley Federal de Protecci\u00f3n de Datos Personales en Posesi\u00f3n de los Particulares y su Reglamento, le informamos lo siguiente:<\/p>\n<p><strong>FINALIDADES\u00a0\u00a0<\/strong><\/p>\n<p>Las finalidades del tratamiento interno de informaci\u00f3n nos indica para que requerimos sus datos personales por lo que, si Usted no desea proporcionar la informaci\u00f3n que se le solicita, nos veremos imposibilitados en cumplimentar la operaci\u00f3n de comercio.<\/p>\n<p>Las finalidades de la obtenci\u00f3n de datos personales que recabamos de Usted, dentro del dominio web\u00a0<strong>www.blancospileso.com\u00a0<\/strong>\u00a0son las siguientes:<\/p>\n<ul>\n<li>Para efectos de identificaci\u00f3n.<\/li>\n<li>Validaci\u00f3n de identidad.<\/li>\n<li>Ponerle nuestros productos a su disposici\u00f3n en el dominio web\u00a0<strong>www.blancospileso.com\u00a0<\/strong><\/li>\n<li>Generar un canal de comunicaci\u00f3n con nuestros clientes.<\/li>\n<li>Seguimiento a sus peticiones en calidad de cliente.<\/li>\n<li>Generar la factura correspondiente.<\/li>\n<li>Enviarle el producto al domicilio proporcionado.<\/li>\n<li>Relaci\u00f3n con nuestros clientes post-venta.<\/li>\n<li>Conciliar el pago.<\/li>\n<li>Restablecer su contrase\u00f1a en caso de que la haya olvidado.<\/li>\n<li>Iniciar un proceso de garant\u00eda.<\/li>\n<li>Ponerse en contacto v\u00eda WhatsApp.<\/li>\n<li>Ejercitar un derecho ARCO.<\/li>\n<\/ul>\n<p>&nbsp;<\/p>\n<p><strong>FINALIDADES SECUNDARIAS<\/strong><\/p>\n<ul>\n<li>Informarle sobre promociones de nuestros productos.<\/li>\n<\/ul>\n<p>&nbsp;<\/p>\n<p><strong>DATOS RECABADOS<\/strong><\/p>\n<p>Los datos que recabamos de Usted a la hora de ingresar a nuestro dominio web y generar un usuario, son los siguientes:<\/p>\n<ul>\n<li>Nombre y apellido.<\/li>\n<li>Correo electr\u00f3nico.<\/li>\n<li>Contrase\u00f1a (la cual generar\u00e1 para crear su cuenta).<\/li>\n<\/ul>\n<p>Adicionalmente, a la hora de generar una compra en calidad de usuario, se le solicitar\u00e1 la siguiente informaci\u00f3n:<\/p>\n<ul>\n<li>Domicilio.<\/li>\n<li>Domicilio alterno (en caso de que sea su deseo contar con m\u00e1s domicilios).<\/li>\n<li>C\u00f3digo Postal.<\/li>\n<li>Compa\u00f1\u00eda.<\/li>\n<li>Tel\u00e9fono.<\/li>\n<\/ul>\n<p>En caso de que sea su deseo generar una compra sin darse de alta en calidad de usuario en nuestro dominio web, solamente se le solicitar\u00e1n los siguientes datos personales:<\/p>\n<ul>\n<li>Nombre.<\/li>\n<li>Correo electr\u00f3nico.<\/li>\n<li>Domicilio de env\u00edo.<\/li>\n<\/ul>\n<p>De igual forma le informamos que, si es su deseo solicitar una factura por su compra, se le solicitar\u00e1 adicionalmente la siguiente informaci\u00f3n:<\/p>\n<ul>\n<li>Domicilio fiscal.<\/li>\n<li>Registro Federal de Contribuyentes.<\/li>\n<li>Constancia de Situaci\u00f2n Fiscal.<\/li>\n<li>Uso de CFDI.<\/li>\n<li>Forma de pago.<\/li>\n<li>M\u00e8todo de pago.<\/li>\n<\/ul>\n<p>Asimismo, en caso de que haya agotado un proceso de garant\u00eda y se haya determinado la devoluci\u00f3n del dinero erogado por la compra, le solicitaremos una cuenta bancaria con la finalidad exclusiva de realizarle la transferencia correspondiente.<\/p>\n<p>En el supuesto de que Usted desee generar un ejercicio de derechos de Acceso, Rectificaci\u00f3n, Cancelaci\u00f3n y Oposici\u00f3n, se le solicitar\u00e1 adicionalmente la copia de su identificaci\u00f3n oficial con la finalidad exclusiva de verificar su identidad.<\/p>\n<p>&nbsp;<\/p>\n<p><strong>DATOS SENSIBLES<\/strong><\/p>\n<p>Hacemos de su conocimiento que,\u00a0<strong>BLANCOS PILESO NO<\/strong>\u00a0recaba informaci\u00f3n catalogada como sensible de acuerdo con los par\u00e1metros establecidos en la Ley Federal de Protecci\u00f3n de Datos Personales en Posesi\u00f3n de los Particulares y su Reglamento.<\/p>\n<p><strong>PAGOS<\/strong><\/p>\n<p>Le informamos que, para completar la compra de los productos que ofrecemos por medio del dominio web\u00a0<strong>www.blancospileso.com\u00a0<\/strong>\u00a0hemos seleccionado diversas plataformas de pago las cuales nos hemos asegurado que, cuentan con pol\u00edticas de privacidad y medidas de seguridad aplicables al m\u00e9todo de pago, por lo que Usted podr\u00e1 elegir entre ellas, inform\u00e1ndole que,\u00a0<strong>BLANCOS PILESO\u00a0<\/strong>\u00a0<strong>NO<\/strong> \u00a0recaba ni, trata sus datos personales de pago por lo que, en caso de que Usted desee conocer el tratamiento de su informaci\u00f3n personal y los m\u00e9todos para ejercer alg\u00fan derecho ARCO lo invitamos a ponerse en contacto con la plataforma que haya elegido para realizar el pago, de acuerdo con la siguiente informaci\u00f3n:<\/p>\n<ul>\n<li><strong>PayPal<\/strong>:\u00a0<a href=\"https:\/\/www.paypal.com\/mx\/webapps\/mpp\/ua\/privacy-full?locale.x=es_MX\">https:\/\/www.paypal.com\/mx\/webapps\/mpp\/ua\/privacy-full?locale.x=es_MX<\/a><\/li>\n<li><strong>Aplazo<\/strong>:\u00a0\u00a0<a href=\"https:\/\/aplazo.s3.us-west-1.amazonaws.com\/docs\/privacyaplazo.pdf\">https:\/\/aplazo.s3.us-west-1.amazonaws.com\/docs\/privacyaplazo.pdf<\/a><\/li>\n<li><strong>MercadoPago:<\/strong>\u00a0<a href=\"https:\/\/www.mercadopago.com.mx\/privacidad\">https:\/\/www.mercadopago.com.mx\/privacidad<\/a><\/li>\n<\/ul>\n<p>&nbsp;<\/p>\n<p><strong>COOKIES Y BEACONS\u00a0<\/strong><\/p>\n<p>Adem\u00e1s, le informamos que, en nuestra p\u00e1gina web\u00a0<strong>www.blancospileso.com\u00a0<\/strong>se recaban cookies y beacons, mismas que se utilizan para brindarle una mejor experiencia de navegaci\u00f3n, para mayor informaci\u00f3n acerca de estos conceptos, lo invitamos a consultar el siguiente enlace:\u00a0<a href=\"http:\/\/www.allaboutcookies.org\/\">www.allaboutcookies.org.<\/a><\/p>\n<p><strong>REDES SOCIALES<\/strong><\/p>\n<p>Es importante comentarle que,\u00a0<strong>BLANCOS PILESO<\/strong>\u00a0cuenta con redes sociales que utilizamos para conectarnos con nuestros clientes y prospectos de clientes, en donde les informamos acerca de nuestros productos, promociones y descuentos constantes. Las redes sociales que utilizamos son las siguientes:\u00a0<strong>Facebook, WhatsApp e Instagram<\/strong> por lo que, Usted tiene que tomar en cuenta que al momento de seguirnos, podremos obtener informaci\u00f3n derivada de su perfil, por tal raz\u00f3n le sugerimos revisar las pol\u00edticas y controles de privacidad de la red social de su elecci\u00f3n, para efectos de que est\u00e9 enterado de la informaci\u00f3n que comparte con terceros desde dichas plataformas de base tecnol\u00f3gica.<br \/><strong>TRANSFERENCIA DE DATOS<\/strong><\/p>\n<p>Le informamos que, a la hora de solicitar una factura por los servicios otorgados, se realizar\u00e1 transferencia de su informaci\u00f3n hacia\u00a0el Servicio de Administraci\u00f3n Tributaria y a sus entidades certificadoras para lo cual, no se requerir\u00e1 de su consentimiento de acuerdo con lo establecido en el Art\u00edculo 37 Fracci\u00f3n I de la Ley de Protecci\u00f3n de Datos Personales en Posesi\u00f3n de los Particulares.<\/p>\n<p>De igual forma, hacemos de su conocimiento que, realizaremos transferencia de su informaci\u00f3n con la empresa de paqueter\u00eda que hemos elegido para ofrecerle el servicio\u00a0<strong>conocido como \u201cSKYDROPX\u201d<\/strong>, transferencia de informaci\u00f3n que consta de los siguientes datos personales:<\/p>\n<ul>\n<li>Nombre.<\/li>\n<li>Domicilio.<\/li>\n<li>Tel\u00e9fono.<\/li>\n<\/ul>\n<p>Estos datos se transfieren con la \u00fanica finalidad de llevar hasta su domicilio el producto de<strong>\u00a0BLANCOS PILESO\u00a0<\/strong>que Usted ha elegido por lo que, si Usted desea conocer el tratamiento de su informaci\u00f3n personal, as\u00ed como los mecanismos para ejercer sus derechos ARCO, lo puede hacer mediante el siguiente enlace:<\/p>\n<p>https:\/\/logistica.skydropx.com\/aviso-privacidad\/<\/p>\n<p>Por lo anterior, y de acuerdo a lo establecido mediante el art\u00edculo 36 de la Ley Federal de Protecci\u00f3n de Datos Personales en Posesi\u00f3n de los Particulares, Usted tendr\u00e1 que manifestar su consentimiento por medio del Opt-In que hemos puesto a su disposici\u00f3n, previo a finalizar la compra.<\/p>\n<p><strong>EJERCICIO DE LOS DERECHOS ARCO<\/strong><\/p>\n<p>En todos aquellos casos legalmente procedentes, Usted podr\u00e1 ejercer en todo momento sus derechos de\u00a0<strong>Acceso, Rectificaci\u00f3n, Cancelaci\u00f3n y Oposici\u00f3n (ARCO)<\/strong>\u00a0a trav\u00e9s de los procedimientos que hemos implementado.<\/p>\n<p>La solicitud correspondiente deber\u00e1 cumplir con los requisitos establecidos en la legislaci\u00f3n vigente, mediante escrito dirigido a nuestro Departamento de Datos Personales, con domicilio en\u00a0Blvd. Hidalgo No. 7038 Col. Los Castillos 1\u00aa. Secci\u00f2n, C.P. 37209 Le\u00f2n, Gto., as\u00ed como por medio de nuestro correo electr\u00f3nico<strong>\u00a0atenci\u00f3n.a.clientes@blancospileso.com, <\/strong>la solicitud deber\u00e1 contener y acompa\u00f1ar lo siguiente:<\/p>\n<ul>\n<li>Su nombre y domicilio u otro medio para comunicarle la respuesta a su solicitud.<\/li>\n<li>Los documentos que acrediten su identidad o, en su caso, la representaci\u00f3n legal.<\/li>\n<li>La descripci\u00f3n clara y precisa de los datos personales respecto de los que se busca ejercer alguno de los Derechos ARCO y,<\/li>\n<li>Cualquier otro elemento o documento que facilite la localizaci\u00f3n de los datos personales.<\/li>\n<\/ul>\n<p><strong>BLANCOS PILESO<\/strong> le comunicar\u00e1 en un plazo m\u00e1ximo de veinte d\u00edas h\u00e1biles, contados desde la fecha en que aqu\u00e9l reciba la solicitud correspondiente, la determinaci\u00f3n adoptada. Si la solicitud resulta procedente, \u00e9sta se har\u00e1 efectiva dentro de los quince d\u00edas h\u00e1biles siguientes a la fecha en que <strong>BLANCOS PILESO<\/strong> comunique la respuesta. En caso de que, la informaci\u00f3n proporcionada en su solicitud resulte err\u00f3nea o insuficiente, o no se acompa\u00f1en los documentos necesarios para acreditar su identidad o la representaci\u00f3n legal correspondiente, <strong>BLANCOS PILESO<\/strong>, dentro de los cinco d\u00edas h\u00e1biles siguientes a la recepci\u00f3n de su solicitud, requerir\u00e1 la subsanaci\u00f3n de las deficiencias para poder dar tr\u00e1mite a la misma. En estos casos, usted contar\u00e1 con diez d\u00edas h\u00e1biles para atender el requerimiento de subsanaci\u00f3n, contados a partir del d\u00eda siguiente en que hubiere recibido esta solicitud. La solicitud correspondiente se tendr\u00e1 por no presentada si usted no responde dentro de dicho plazo.<\/p>\n<p>Usted ser\u00e1 responsable de mantener actualizados sus datos personales en posesi\u00f3n de <strong>BLANCOS PILESO<\/strong>. Por lo anterior, usted garantiza y responde, en cualquier caso, de la veracidad, exactitud, vigencia y autenticidad de los datos personales facilitados y, se compromete a mantenerlos debidamente actualizados, comunicando cualquier cambio a <strong>BLANCOS PILESO<\/strong>.<\/p>\n<p>&nbsp;<\/p>\n<p><strong>REVOCACI\u00d3N DEL CONSENTIMIENTO<\/strong><\/p>\n<p>Usted podr\u00e1 revocar su consentimiento para el tratamiento de sus datos personales, sin efectos retroactivos, en todos aquellos casos en que dicha revocaci\u00f3n no suponga la imposibilidad de cumplir obligaciones derivadas de una relaci\u00f3n jur\u00eddica vigente entre usted y <strong>BLANCOS PILESO<\/strong>.<\/p>\n<p>El procedimiento para la revocaci\u00f3n del consentimiento, en su caso, ser\u00e1 el mismo que, el establecido en el apartado inmediato anterior para el ejercicio de los derechos ARCO.<\/p>\n<p>&nbsp;<\/p>\n<p><strong>LIMITACIONES SOBRE EL USO Y DIVULGACI\u00d3N DE SUS DATOS PERSONALES<\/strong><\/p>\n<p>Usted podr\u00e1 limitar el uso o divulgaci\u00f3n de sus datos personales dirigiendo la solicitud correspondiente a nuestro Departamento de Datos Personales en el domicilio ubicado\u00a0en Blvd. Hidalgo No. 7038 Col. Los Castillos 1\u00aa. Secci\u00f2n C.P. 37209 Le\u00f2n, Gto.<strong>,\u00a0<\/strong>as\u00ed como por medio de nuestro correo electr\u00f3nico\u00a0atencion.a.clientes<a href=\"mailto:privacidad@botaspistolero.com\">@blancospileso.com<\/a><\/p>\n<p>Los requisitos para acreditar su identidad, as\u00ed como el procedimiento para atender su solicitud ser\u00e1n los mismos que los se\u00f1alados en el apartado \u201cEjercicio de los derechos ARCO\u201d. <strong>BLANCOS PILESO<\/strong> cuenta con medios y procedimientos para asegurar la inclusi\u00f3n de algunos de sus datos en listados de exclusi\u00f3n propios, cuando Usted solicita su inclusi\u00f3n en ellos de forma expresa. <strong>BLANCOS PILESO<\/strong> otorgar\u00e1 a los titulares registrados la constancia de inscripci\u00f3n correspondiente.<\/p>\n<p>&nbsp;<\/p>\n<h1><strong>MEDIDAS DE SEGURIDAD<\/strong><\/h1>\n<p>Ya que, para nosotros es muy importante la protecci\u00f3n de sus datos personales, as\u00ed como de su privacidad,<strong>\u00a0BLANCOS PILESO<\/strong>\u00a0cumple con todas las medidas de seguridad t\u00e9cnicas, administrativas y f\u00edsicas para el cuidado interno de su informaci\u00f3n personal en contra de da\u00f1o, p\u00e8rdida, alteraci\u00f3n, destrucci\u00f3n o el uso, acceso o tratamiento no autorizado.<\/p>\n<p><strong>MODIFICACIONES AL AVISO DE PRIVACIDAD<\/strong><\/p>\n<p><strong>BLANCOS PILESO <\/strong>podr\u00e1 modificar, actualizar, extender o de cualquier otra forma cambiar el contenido y alcance del presente Aviso de Privacidad, en cualquier momento y bajo su completa discreci\u00f3n. Si el aviso de privacidad tuviera cambios sustanciales, se le comunicar\u00e1 por el medio de contacto que tengamos de Usted, adem\u00e1s dentro de nuestro dominio web\u00a0<strong>www.blancospileso.com\u00a0<\/strong><\/p>\n<p>[\/et_pb_text][\/et_pb_column][\/et_pb_row][\/et_pb_section]<\/p>\n","protected":false},"excerpt":{"rendered":"<p>Para\u00a0BLANCOS PILESO S.A. de C.V. su privacidad es muy importante es por eso que, ponemos el presente Aviso de Privacidad para que conozca el tratamiento interno que haremos de su informaci\u00f3n personal la cual, se realizar\u00e1 estrictamente en lo establecido en el presente documento. BLANCOS PILESO S.A. de C.V., a quien para efectos del presente [&hellip;]<\/p>\n","protected":false},"author":1,"featured_media":0,"parent":0,"menu_order":0,"comment_status":"closed","ping_status":"closed","template":"","meta":{"_et_pb_use_builder":"on","_et_pb_old_content":"<!-- wp:divi\/placeholder \/-->","_et_gb_content_width":"","_joinchat":[]},"_links":{"self":[{"href":"https:\/\/blancospileso.com\/index.php?rest_route=\/wp\/v2\/pages\/1570"}],"collection":[{"href":"https:\/\/blancospileso.com\/index.php?rest_route=\/wp\/v2\/pages"}],"about":[{"href":"https:\/\/blancospileso.com\/index.php?rest_route=\/wp\/v2\/types\/page"}],"author":[{"embeddable":true,"href":"https:\/\/blancospileso.com\/index.php?rest_route=\/wp\/v2\/users\/1"}],"replies":[{"embeddable":true,"href":"https:\/\/blancospileso.com\/index.php?rest_route=%2Fwp%2Fv2%2Fcomments&post=1570"}],"version-history":[{"count":6,"href":"https:\/\/blancospileso.com\/index.php?rest_route=\/wp\/v2\/pages\/1570\/revisions"}],"predecessor-version":[{"id":1737,"href":"https:\/\/blancospileso.com\/index.php?rest_route=\/wp\/v2\/pages\/1570\/revisions\/1737"}],"wp:attachment":[{"href":"https:\/\/blancospileso.com\/index.php?rest_route=%2Fwp%2Fv2%2Fmedia&parent=1570"}],"curies":[{"name":"wp","href":"https:\/\/api.w.org\/{rel}","templated":true}]}}